(-62))?
4
What is the units digit of (-22*1)/(16/(-24))?
3
Suppose 0 = -4*x + 4, x + 307 = -0*c + 4*c. What is the tens digit of c?
7
Let p(b) = 29*b**3 - b**2 + b. Let d be 2/(-2) - (-2)/1. Let q be p(d). Let l = q + -20. What is the units digit of l?
9
Let i(b) = 18*b**2. Suppose 3*h - 17 = -c, -7 - 18 = -c - 5*h. Suppose -c*s + 2*w = -0*w - 1, 15 = -5*w. What is the tens digit of i(s)?
1
Let x = 25 + -3. What is the units digit of x?
2
Suppose -2*a + 58 = -0. What is the units digit of a?
9
Let o be (-4)/(-14) + 72/(-7). What is the units digit of (o/4)/((-2)/8)?
0
Let h(g) = 9*g**2 + 2*g + 6. Let c be h(-3). Suppose 0 = -6*d + 9*d - c. What is the tens digit of d?
2
Suppose -4*n + 114 = -n. What is the tens digit of n?
3
Suppose k - 14 - 1 = 2*u, -4*k + 32 = -u. Suppose 4*l - 19 = 9. Suppose 2*w - l = k. What is the units digit of w?
7
Let d(o) = -4*o**3 + 2*o**2 - 8*o - 3. What is the hundreds digit of d(-3)?
1
Let y be (0 + -39)*(2 + -3). Let c = -23 + y. What is the units digit of c?
6
Let b(f) = 7*f**2 - f. Suppose -d = -0*d - 12. Suppose -4*a = -w + 5*w - d, -4*w + 6 = -2*a. What is the units digit of b(a)?
6
Let p = 18 + -16. Suppose 0 = p*k + k - 3. What is the units digit of k?
1
Let x(p) = -p**3 + p + 32. What is the units digit of x(0)?
2
Suppose 3*q - 388 = -q - 2*c, -282 = -3*q + 3*c. What is the units digit of q?
6
Let r = -12 + 19. What is the units digit of r?
7
Suppose -l + 6 + 24 = 3*v, -3*v - 3*l + 36 = 0. Suppose -3*c + v = -0*c. What is the units digit of c?
3
Let f be ((-15)/(-20))/((-2)/16). Let s be ((-8)/f)/((-4)/(-6)). Suppose 0 = 4*b - 10 + s. What is the units digit of b?
2
Let m = 12 + -6. Suppose -x + m = -0*p - p, -2 = x + 3*p. What is the units digit of x?
4
Let o(s) be the second derivative of 4*s**2 + 0 + 3*s + 1/6*s**3. What is the units digit of o(-5)?
3
Let o be 6/(-3) - (1 + -5). Suppose -c - o = -4. What is the units digit of c?
2
Let u(k) = 3*k - 4. Let w be u(3). Suppose w = 5*v + 15. Let h = 0 - v. What is the units digit of h?
2
Let b(q) = -q - 2. Let k be b(-7). Let z = 9 - k. What is the units digit of z?
4
Suppose 5*p - 100 = 4*b, 5*b = 3*p + 2*p - 130. Let j = 9 - b. What is the units digit of j?
9
Let g = 142 + -70. Suppose 0*y + 25 = -y - 2*q, 0 = 3*y + 3*q + g. Let b = -12 - y. What is the tens digit of b?
1
Suppose 7*z - 2*z = -10. Let o be (-56)/(-6)*(-15)/z. What is the tens digit of ((-18)/5)/((-21)/o)?
1
Suppose 0*h + 5*h = 0. Suppose h = z + 5 - 45. What is the tens digit of z?
4
Let b = 14 + 0. What is the tens digit of b?
1
Suppose -3*a + 2*k + 10 = 0, 5*k = 4*a - 23 + 5. Let i(r) = 0*r + a + 5*r - 5*r - r. What is the units digit of i(-7)?
9
Let o(t) = -2*t - t**2 - 2*t - 9 - 3*t - t. Let c be o(-7). What is the units digit of -12*(c - 5/(-3))?
4
Let k = 4 + -2. Suppose k*y + 9 = -o, o = -2*y - 2*y - 19. What is the tens digit of (o - 3/(-6))*8?
1
Suppose 0*a - 4*u = 4*a - 124, -3*a + u = -77. What is the tens digit of a?
2
Let f = -22 + -1. Let w = -4 - f. What is the tens digit of w?
1
Let j(s) = 109*s + 14. What is the hundreds digit of j(3)?
3
Suppose -x + 11 + 19 = 0. What is the units digit of x?
0
Let o(i) = -26*i**3 + i**2. Let z(j) = -j**3 + 10*j**2 + j - 11. Let h be z(10). What is the units digit of o(h)?
7
Let z be ((-60)/(-14))/(12/84). What is the units digit of ((-21)/5)/((-6)/z)?
1
Let p(b) = 2*b**2 + 5*b + 3. Suppose -4*y = -2*r + 22, -4*r + 5 + 3 = -2*y. Let d = 3 + y. What is the units digit of p(d)?
6
What is the units digit of ((-32)/(-10))/(18/1080)?
2
Let b be (0 - (-12)/(-9))*3. What is the units digit of 1/(-2)*3*b?
6
Let k be (2*-6)/(-3) + 1. Let s(p) = p**2 - 3*p - 1. What is the units digit of s(k)?
9
Let z be (-3 + 2 + 3)*1. Suppose z*m - 12 = -0*m. Suppose c - m*c = -65. What is the units digit of c?
3
Let b = 7 - -285. What is the units digit of b?
2
Let d = 24 + -17. What is the units digit of d?
7
Suppose -3*c + 175 = 2*c. What is the tens digit of c?
3
Suppose 5*s + 11 - 31 = 0. What is the units digit of s?
4
What is the units digit of 12/((-8)/(-2))*11?
3
What is the tens digit of (4/(-3))/(1/(-39))?
5
Let a be 0/(5 - (3 - 0)). Suppose -2*x - 3 + 13 = a. What is the units digit of x?
5
What is the units digit of (-4 - -138)/(2/3)?
1
Suppose 3*n = 2*p - 20, -4*p = n - 4*n - 28. Suppose p*c - 14 - 90 = 0. What is the tens digit of c?
2
What is the tens digit of ((-177)/(-12))/((-3)/(-12))?
5
What is the tens digit of (48/(-32))/((-1)/48)?
7
What is the tens digit of (-3)/4 - (-258)/24?
1
Suppose 3*x - 2 = -4*k, -k = -4*x + 10 - 39. What is the units digit of (-3)/2*x/1?
9
Suppose 20 = 5*u - u. What is the tens digit of 61/5 + (-1)/u?
1
Let h = -33 - -21. Let v = h - -18. What is the units digit of v?
6
Suppose -p + 26 = -28. What is the tens digit of p?
5
What is the units digit of 1/(((-3)/1)/(-579))?
3
Let q = -2 + 4. Let r be 7*(-1*q + 3). What is the units digit of 72/7 + (-2)/r?
0
Suppose g - 5*g = 0. Let o = g + 11. What is the units digit of o?
1
Suppose 2*p = 6*p + 288. What is the tens digit of (3/(-4))/(3/p)?
1
Suppose 4*u = -0*u + 20. Suppose 3*o = 4*l + 16, -6 = -2*o - u*l + 43. What is the tens digit of o?
1
Let f(r) = -5*r**3 - 2*r**2 - r + 2. What is the tens digit of f(-2)?
3
Suppose 0 = 6*z - 2*z - 12. Suppose -n = z*n - 12. What is the units digit of n?
3
Let o(v) = -v**2 + 20*v + 23. What is the units digit of o(15)?
8
What is the hundreds digit of 4/6 - ((-1276)/12 - -4)?
1
Let r(g) = g**2 - 3*g - 4. Let h be r(4). Let w(q) = q**3 + q**2 - q + 19. What is the tens digit of w(h)?
1
Let p = -106 + 153. Let f = -17 + p. Suppose -4*c + 20 = -c + n, -f = -4*c - 3*n. What is the units digit of c?
6
Let m(k) = 4*k + 1. Suppose -i + 6*i = 0. Suppose 3*c - 2 - 4 = i. What is the units digit of m(c)?
9
Let i be ((-20)/(-6))/((-3)/(-18)). Suppose i - 2 = 3*a. What is the units digit of a?
6
Let h = 9 + -2. Suppose h*m - 2*m - 15 = 0. Let s(l) = 3*l - 2. What is the units digit of s(m)?
7
Let y(i) = -10*i - 15*i + 31*i + i**3 + 0*i**3 - 6 - 8*i**2. What is the tens digit of y(8)?
4
Let r(s) = s**3 + 16*s**2 - 5*s - 10. What is the units digit of r(-16)?
0
Suppose -6*h + 40 = -h. What is the units digit of h?
8
Let l(x) = -x**3 - 5*x**2 - 5*x - 4. Let w be l(-4). Suppose w*p = 2*p - 28. What is the units digit of p?
4
Let t(a) = a**3 + 3*a**2 + a - 1. Let r be t(-3). What is the units digit of (-2)/r*(75 - 13)?
1
Suppose a + 15 = 20. Suppose -52 - 133 = -a*p. What is the units digit of p?
7
Let i be (2/(-3))/((-8)/24). Let d(v) = -6*v - 4 + 2*v + i*v**2 + 0*v - 4*v. What is the tens digit of d(6)?
2
What is the tens digit of 14 + (3 - 0) + -4?
1
What is the units digit of 0 - (70/(-5) - -3)?
1
Let g = 174 + -55. What is the hundreds digit of g?
1
Let b = -12 - -24. Let y = 1 + b. What is the tens digit of y?
1
Suppose -60 = 3*q - 5*q. Suppose 0 = 2*n - 4*u - 28 - 8, n - 5*u - q = 0. Let k = n - 9. What is the units digit of k?
1
Suppose 0 = 3*p - p - 40. Suppose -3*w = -w - 5*j + 2, 5*w - 5*j + p = 0. What is the units digit of (-10)/w + (-2)/(-6)?
2
Let t(s) = s**3 - 7*s**2 + 2*s - 3. Suppose i + 2*i - 21 = 0. What is the units digit of t(i)?
1
Let i(k) = -k + 9. Let w be i(5). Suppose 5*z - 4*z - 6 = 0. Let s = z + w. What is the tens digit of s?
1
Let x = 11 + -7. Suppose 0 = -x*z - 0*z + 20. Let y(h) = 2*h - 1. What is the units digit of y(z)?
9
Suppose 4*q - 11 = -3, 0 = 4*v + q + 2. Let d(n) = 10*n**2 - 7*n + 9*n + 0*n**2 + 1 - n. What is the units digit of d(v)?
0
Let l be -3*2/((-4)/2). Suppose 2*p = x - 3 - 14, -l*p - 15 = 0. What is the units digit of x?
7
Suppose 2*h + 2*h = 16. What is the tens digit of (h/(-8))/(-1)*62?
3
What is the hundreds digit of 1*4/(-12) - (-752)/6?
1
Let t(v) = v**2 - 3*v + 4. What is the units digit of t(-3)?
2
Suppose -4*p - i = 40 - 166, 0 = -4*i - 8. What is the tens digit of p?
3
What is the tens digit of ((-62)/6)/((-13)/39)?
3
Suppose -1435 = -5*o + v, 0 = 5*o + 5*v - v - 1410. What is the units digit of o?
6
Let r(b) = -b + 1 - 3 + 3*b. Let d be 2/8 + 7/4. What is the units digit of r(d)?
2
Suppose 5*q = 0, 4*b + 7*q - 12 = 4*q. Suppose -b*a + 1 = -5*y + 15, 20 = 5*y. Suppose 0 = o - 0*o + a*h + 1, -h - 25 = -3*o. What is the units digit of o?
7
Let w(o) = 12*o**3 - 2*o**2 + 1. What is the te